ivisor of 72 and c.
18
Suppose 0 = 3*d - 506 - 88. Calculate the highest common divisor of 66 and d.
66
Suppose 4*b = 2*b + 6. Suppose 72 = 5*h + 62. What is the highest common divisor of h and b?
1
Let z be 3*-7*(-46)/7. What is the greatest common factor of 24 and z?
6
Suppose 0 = 3*p + 3*p + 138. Let x = -31 - -22. Let y = x - p. What is the highest common factor of y and 21?
7
Suppose -8 = -y + t + 4, 0 = y - 3*t - 12. Suppose -2*r + y + 12 = 0. What is the highest common divisor of r and 8?
4
Let z(u) = 25*u + 86. Let t be z(-3). What is the greatest common factor of t and 99?
11
Let n be 4/(-30) + 64/30. Suppose 0 = 5*a + 3*u - 111, n*u + 3 = -3. What is the highest common divisor of a and 3?
3
Suppose -2 = -5*w + 48. Suppose -5*u = -w, -n + 5*n + 4*u = 24. Suppose -n*k + 575 = -173. What is the highest common factor of k and 17?
17
Let o = -37 + 72. Let h be 35*(-1)/(-2)*(-12)/(-6). What is the highest common factor of o and h?
35
Suppose 6 + 4 = g. Let c(j) = 7*j**3 - 2*j. Let n be c(1). What is the greatest common divisor of n and g?
5
Let g = 33 - -9. Calculate the greatest common divisor of 378 and g.
42
Suppose -4*x + x = -5*r + 389, -4*r = -x - 307. Suppose -539*c + 551*c = 48. What is the greatest common factor of r and c?
4
Suppose -5*k + 12 = m, 0 = -4*k + 3 - 7. Let f = m + -5. Let v = -803 - -899. What is the highest common factor of f and v?
12
Let v(j) = j**2 - 15*j + 37. Let p be v(3). What is the highest common divisor of 1 and p?
1
Suppose 2*u - 95 = -15. Suppose -3*w = -182 + 2. Calculate the highest common factor of u and w.
20
Let j be (-8 + 5)/9*-33. Calculate the greatest common divisor of j and 6.
1
Let j be (-111 + 3)/(-4) - (-1 - -2). What is the highest common factor of 65 and j?
13
Suppose -181*l = -177*l - 108. What is the highest common factor of 729 and l?
27
Let m(x) = 17*x**2 - 3*x + 1. Let k be m(6). Let a = -335 + k. Suppose a = 5*b - 4*o, 2*b - 3*b - 2*o = -38. What is the greatest common divisor of b and 6?
6
Suppose 2*k = 5*x - 2*k - 272, 4*x + 4*k - 232 = 0. Let h(r) = -r**2 - 22*r + 8. Let c be h(-22). Calculate the highest common factor of c and x.
8
Let p = 915 - -852. Calculate the highest common divisor of 186 and p.
93
Let q = -21 - -221. Calculate the greatest common divisor of q and 40.
40
Let h(d) = 46*d + 48. Let o be h(6). Suppose -l = 0, 4*f = 7*f + 4*l - o. Calculate the highest common factor of f and 12.
12
Let c(z) = z**3 + 5*z**2 + 5*z + 6. Let y be c(-4). Suppose y*a - 40 = -2. Suppose 114 = d + d. What is the greatest common divisor of a and d?
19
Let v be ((-12)/8)/((-492)/160 + 3). Suppose -4*g + 2*y = -722, 5*g + 2*y = 7*y + 905. What is the greatest common divisor of v and g?
20
Let x = 81 - 73. Suppose -4*t = -2*g + 36, 3*t = -t - x. What is the greatest common divisor of 35 and g?
7
Suppose 164 = -g + 182. Let l be (-214)/(-8) - 1/(-4). Let y be (-9)/(-2) + l/g. Calculate the greatest common divisor of y and 54.
6
Let n(t) = -t**2 - 24*t + 9. Let g(l) = 13*l + 67. Let z be g(-7). Let i be n(z). Calculate the highest common factor of i and 1.
1
Suppose 1190 = -52*c + 59*c. Calculate the highest common divisor of c and 5.
5
Suppose 3*w - 891 = -621. Calculate the greatest common factor of 10 and w.
10
Let a = -27 + 19. Let r be (14/a)/((-1)/8). Suppose -5*k + k - 3*g + 351 = 0, 2*g - 262 = -3*k. What is the highest common factor of r and k?
14
Let a be 2 + 8 - (-9 - -11). Suppose -5*o + a = -o. What is the highest common factor of 1 and o?
1
Let c = -438 - -750. Let s = -159 + c. Let w = 5614 - 5597. Calculate the greatest common divisor of s and w.
17
Suppose 8 = -4*f, -5*f = -0*z - 2*z + 44. Calculate the highest common factor of z and 2125.
17
Let f be 4 - 11/((-33)/36). Let q = 21 - f. Calculate the greatest common factor of q and 35.
5
Suppose -4 = -2*j + 4*f, 7*j = 2*j + 4*f + 16. Suppose 4*v + 63 = -4*t + 359, -3*v = -j*t + 282. What is the greatest common factor of t and 16?
8
Let k(n) = -14*n - 17. Let i be k(-6). Suppose -d - g + 16 = 0, -2*d + 0*d = 3*g - 35. Suppose 4*j - i = d. Calculate the greatest common divisor of 30 and j.
10
Suppose -12*p + 122 = -10. What is the greatest common divisor of p and 176?
11
Let u(q) = 2*q - 14. Let b be u(11). Calculate the greatest common divisor of b and 216.
8
Let b be 4*14/(-588) + (-13864)/(-42). Let v = 56 + -23. Calculate the greatest common factor of b and v.
33
Let w be (-1 - -3)/((-4)/(-14)). Calculate the greatest common factor of w and 1.
1
Let z(d) = -d**3 - 7*d**2 - d - 4. Let j be z(-7). Suppose j*m - 42 = -3*m. Let y = 19 - 12. What is the greatest common factor of y and m?
7
Let y(s) = s**3 - 2*s + 2. Let i be y(2). Suppose 0 = -z + i*z - 90. Let g = -6 + 42. Calculate the highest common divisor of g and z.
18
Suppose 2*t - 15 = -5. Let d be (834/(t - 2))/2. Suppose -4*q + d = -57. What is the greatest common divisor of 7 and q?
7
Let f be 3/1 + -3 + 120. Suppose -3*n - y + 7 = -50, 2*n + 5*y - 25 = 0. Suppose -2*j = -3*j + n. What is the greatest common factor of f and j?
20
Let j = -473 + 481. What is the greatest common divisor of j and 268?
4
Let k be ((-36)/48)/(6/(-56)). Calculate the highest common factor of k and 11.
1
Let x(v) = 2*v**2 - 23*v + 7. Let h be x(11). Let q be ((-280)/21)/(h/6). Calculate the greatest common divisor of 220 and q.
20
Let k be (-1 + -15)/(40/(-140)). Suppose -4*g = 3*s - k, 4*s + g - 63 = -2*g. What is the greatest common divisor of 108 and s?
12
Suppose -3*o + 4*l = 3*l - 290, 2*l - 380 = -4*o. Let p be (-36)/(-5 + (-28)/(-8)). Calculate the greatest common factor of p and o.
24
Suppose -6*l + 3*l + 2*i = -244, 141 = 2*l + 3*i. Calculate the greatest common factor of 39 and l.
39
Let k(o) = o**3 + 12*o**2 + 14*o. Let g be k(-10). Suppose -8 = n - 2*s - 39, -3*n - 5*s + g = 0. What is the highest common factor of 200 and n?
25
Let s(m) = m**2 - 5*m + 6. Let h be s(5). Let u be 35/21 - 4/h. Let c be (u + 2)/(12/20). Calculate the greatest common divisor of 35 and c.
5
Suppose -2*w = 5 - 17. Suppose -w*r + 8*r - 90 = 0. What is the greatest common divisor of r and 15?
15
Let n(x) = x**2. Let g be n(-2). Suppose 0 = -g*b + 92 + 32. Calculate the greatest common factor of 248 and b.
31
Let y be (-77)/(-5) - (-2)/(-5). Suppose -15*m = -13*m - s - 10, -4*m - 5*s + 6 = 0. Suppose -14*i = -y*i + m. What is the highest common factor of i and 6?
2
Let f be 7 + (0/3 - (-2)/1). Calculate the greatest common divisor of f and 3.
3
Let p(g) = -g - 23. Let a be p(-21). Let n be 6/(a + 24/10). What is the greatest common factor of 105 and n?
15
Suppose 0 = -4*u + t + 128, -2*u + t + 85 = 23. Let y = u + 59. Suppose 28 = -4*a + y. Calculate the greatest common factor of 4 and a.
4
Let q(g) = -4*g**2 + 2*g - 2. Let v be q(4). Let z = v + 114. Calculate the greatest common factor of z and 7.
7
Suppose 2*j - 8 = 0, -c + 24 = 2*c - 3*j. Let i = c - 7. Calculate the highest common factor of 55 and i.
5
Let d be (-4)/((-12)/1047) - -3. Calculate the highest common divisor of 128 and d.
32
Let y(f) = -7*f + 416. Let v be y(58). Calculate the highest common factor of v and 490.
10
Suppose 5*w + 4*n = -115 - 23, -n = -3. Let c = w + 45. Suppose 126 = 4*b + 2*i, 3*b + 2*i = 5*b - 54. Calculate the highest common factor of b and c.
15
Suppose 3*v = 2*z + 12, 3*v + 12 = -6*z + 4*z. Let p be (z/(-4) - (-69)/(-6))*-1. Calculate the greatest common factor of p and 30.
10
Let a be 625/2*(539/55 + -9). What is the greatest common factor of 550 and a?
50
Let j(i) = -635*i - 3 - 3 + 633*i. Suppose 3*x - 5 = 4*x. Let h be j(x). Calculate the greatest common divisor of 20 and h.
4
Let y be ((-6)/12)/((-1)/34). Let w = -723 - -395. Let c = -141 - w. Calculate the greatest common factor of c and y.
17
Let i be 0/((-2)/(6/3)). Suppose i*h + 24 = 3*h. Let g be ((-18)/h)/((-3)/24). Calculate the highest common factor of 45 and g.
9
Let o = 5 - -14. Suppose 0 = -5*z, 0 = -2*d - d + z - 172 + 742. What is the greatest common divisor of d and o?
19
Let g = 75 + 99. Calculate the greatest common factor of 18 and g.
6
Let q(u) = -2*u**3 - 4*u**2 + u + 1. Let v(h) = h**2 - 6*h - 10. Let c be v(7). Let x be q(c). Let p = -10 + x. What is the highest common factor of p and 48?
6
Suppose 5*v + 0*k + 35 = 3*k, 5*v + 5*k = 5. L